13001120 (base 4) to base 8
-55270130
-110111022012 (base 3) to base 2
-111100000010000110
What is -4d181 (base 14) in base 13?
-68421
Convert 896141 (base 11) to base 16.
15cb69
Convert -1292a5 (base 12) to base 13.
-a9532
Convert 2973150 (base 13) to base 11.
74a7955
-ad4e9b (base 15) to base 16
-7e2b7f
-43a1421 (base 11) to base 2
-11101011100001100001101
100303430 (base 5) to base 12
173922
What is -8058 (base 16) in base 15?
-9b06
-6066567 (base 11) to base 3
-202011221010200
Convert 1104706 (base 9) to base 8.
2210073
2356941 (base 10) to base 3
11102202010010
What is 24b75 (base 12) in base 14?
14357
1500661 (base 8) to base 12
186929
2591b (base 12) to base 8
144347
Convert 10102001002121 (base 3) to base 14.
352307
Convert 8d113 (base 14) to base 8.
1236255
What is -8503a (base 14) in base 12?
-1359a4
-32132303 (base 5) to base 3
-111202200022
-391887 (base 12) to base 5
-214423403
468c (base 16) to base 3
220202220
-1031a24 (base 11) to base 8
-6736703
73b398 (base 14) to base 10
3910922
-500265 (base 7) to base 8
-244324
-120022102121 (base 3) to base 9
-508377
Convert 15d033 (base 15) to base 3.
1222200010210
What is 1840511 (base 9) in base 13?
2a1078
Convert 6363621 (base 8) to base 15.
23803b
-120220220112 (base 3) to base 16
-4c83b
25152605 (base 7) to base 9
4232148
What is 3415bf (base 16) in base 7?
41004501
Convert -12542153 (base 9) to base 14.
-b68219
Convert -212001022121 (base 3) to base 15.
-8e64a
-1a9a514 (base 12) to base 15
-7729b4
95e6d (base 15) to base 4
1310021221
c620a (base 13) to base 11
223735
What is -30233056 (base 7) in base 16?
-265684
e6ea42 (base 15) to base 8
51716162
316263 (base 11) to base 2
1111011100011101011
-1011011000011011 (base 2) to base 11
-32031
340424 (base 9) to base 11
12a086
-465109 (base 11) to base 9
-1345437
What is 1c386 (base 13) in base 8?
154366
What is 860319 (base 10) in base 11?
538409
What is cc550 (base 14) in base 2?
1111000110101111010
Convert -2034012 (base 7) to base 11.
-157261
Convert -355554254 (base 6) to base 9.
-13568487
-3907313 (base 10) to base 2
-1110111001111011110001
Convert -345051 (base 8) to base 16.
-1ca29
What is 23230332 (base 4) in base 2?
1011101100111110
What is 112002202212 (base 3) in base 14?
73235
What is 210222202 (base 3) in base 12?
933b
Convert 2321d8 (base 15) to base 5.
412142203
What is -221002220 (base 3) in base 14?
-6955
1066604 (base 8) to base 10
290180
What is 10100101111011000010 (base 2) in base 12?
28936a
Convert 2b309a (base 14) to base 8.
5576440
-111114330 (base 5) to base 9
-824346
Convert -27000 (base 12) to base 16.
-d140
a026c4 (base 16) to base 11
5a19621
What is 11001001111111010011100 (base 2) in base 14?
c44140
Convert -3010543 (base 6) to base 13.
-4c515
What is -588c37 (base 15) in base 2?
-10000001001000111001011
Convert 185d9 (base 16) to base 10.
99801
5026210 (base 7) to base 15
bb55a
What is -130213131011 (base 4) in base 15?
-9d2a92
Convert 3c76 (base 15) to base 11.
97a0
70405a (base 11) to base 5
242221441
13446026 (base 8) to base 9
5634040
What is 204306 (base 9) in base 5?
12340023
-628133 (base 11) to base 14
-1c2a93
What is -1d113 (base 16) in base 5?
-12302214
Convert -13425015 (base 7) to base 2.
-100110001001111000111
17173b7 (base 13) to base 6
424041241
What is -303b1 (base 13) in base 10?
-86334
32202 (base 8) to base 14
4c82
-1556653 (base 7) to base 9
-358357
400466 (base 9) to base 6
5023140
Convert 10111111011101001110010 (base 2) to base 16.
5fba72
What is 150434545 (base 6) in base 9?
5767422
What is 199955 (base 10) in base 6?
4141415
What is 10001000000101000 (base 2) in base 10?
69672
-18025 (base 16) to base 13
-359b9
Convert -100010010110001001 (base 2) to base 6.
-3003145
Convert -343450 (base 8) to base 9.
-186746
Convert 22100222121211 (base 3) to base 15.
5cce3d
What is -87546c (base 13) in base 3?
-12222122220200
What is 312011000 (base 4) in base 8?
660500
What is 26b918 (base 13) in base 11?
591a88
6d2d0 (base 15) to base 13
c26a0
Convert -618338 (base 9) to base 3.
-200122101022
What is -223331421 (base 5) in base 8?
-3631025
What is -3ad1e6 (base 16) in base 7?
-44523356
Convert dd7 (base 15) to base 6.
22251
What is 20dad (base 14) in base 9?
131080
What is -1c0dac (base 16) in base 11?
-1046331
What is -b7253 (base 15) in base 11?
-367598
What is 1222121110 (base 3) in base 4?
21202221
What is -1b21725 (base 12) in base 15?
-78dcb8
What is -1387a (base 16) in base 4?
-103201322
Convert -2121122021 (base 3) to base 6.
-1034224
What is 1111100100000011000100 (base 2) in base 13?
acacb9
Convert 11135356 (base 7) to base 15.
14183a
What is -1420003 (base 7) in base 3?
-100122012021
What is -142422231 (base 5) in base 10?
-748441
What is 134246602 (base 7) in base 13?
1a7557b
What is 11010001000011100 (base 2) in base 6?
2143312
-363562 (base 10) to base 4
-1120300222
-2e739b (base 16) to base 8
-13471633
Convert 854bd8 (base 15) to base 6.
343551435
-6641d (base 14) to base 5
-30412041
Convert 2104a (base 15) to base 6.
2124411
What is -1515384 (base 9) in base 8?
-3143133
Convert -1304553 (base 9) to base 3.
-1100011121210
Convert 1120110 (base 7) to base 9.
232083
What is -2778633 (base 10) in base 11?
-16286a0
Convert 11010010000 (base 3) to base 13.
2ab3a
What is -50b318 (base 12) in base 4?
-10310200010
What is 10100011001001001001 (base 2) in base 10?
668233
What is -12526702 (base 8) in base 5?
-1204000434
Convert 17848560 (base 9) to base 12.
3024b53
-1305513343 (base 6) to base 14
-2088c59
2402201 (base 10) to base 4
21022132121
23192a (base 11) to base 2
1011001111101011101
10112102023 (base 5) to base 2
100111001011000101010101
Convert -110111000100001000110 (base 2) to base 15.
-259958
What is -616311 (base 8) in base 6?
-4212201
What is -10554011 (base 6) in base 4?
-1033220113
10100111011011111 (base 2) to base 4
110323133
a2b8d6 (base 15) to base 3
112112221020010
Convert -2301477 (base 8) to base 13.
-18a9b8
Convert -21110120030 (base 4) to base 12.
-999778
What is 10330303121 (base 4) in base 11?
806a1a
Convert 35337 (base 10) to base 3.
1210110210
Convert -41755746 (base 8) to base 11.
-50314a1
What is -155312221 (base 6) in base 10?
-3337717
Convert -72a20 (base 11) to base 5.
-11401011
Convert -10121010021011 (base 3) to base 12.
-782327
Convert 353117 (base 9) to base 7.
1542523
What is 1314308 (base 9) in base 6?
23221312
What is -187563 (base 11) in base 14?
-77038
995b9 (base 14) to base 13
100194
12011232 (base 5) to base 7
636155
604138 (base 14) to base 10
3238166
-273dc2 (base 15) to base 5
-440330412
What is -13374355 (base 8) in base 12?
-1013665
Convert -5bbd8 (base 15) to base 2.
-1000111100001000000
-1000100000000110011111 (base 2) to base 15
-2e050e
Convert -4050044 (base 7) to base 13.
-13b8a8
Convert -1051a5 (base 12) to base 3.
-111002112222
What is -d3c074 (base 15) in base 10?
-10064359
What is -11001010100010100 (base 2) in base 12?
-50018
Convert 58630 (base 10) to base 2.
1110010100000110
Convert -350121 (base 8) to base 5.
-12300430
What is 2a0f5 (base 16) in base 13?
60551
What is -713726 (base 11) in base 14?
-21bd50
Convert 20232453 (base 6) to base 9.
1073446
-1383629 (base 13) to base 16
-5e4030
Convert 1569662 (base 15) to base 9.
32178572
What is -35623051 (base 7) in base 11?
-1872393
Convert -19782f (base 16) to base 12.
-685b53
-218743 (base 14) to base 5
-242344242
What is -104073 (base 8) in base 6?
-425243
What is -25598 (base 14) in base 16?
-16612
What is 11144000 (base 7) in base 12?
3a88bb
What is 121121100111122 (base 3) in base 4?
201222201101
Convert 331412 (base 7) to base 9.
87715
What is 334444230 (base 5) in base 12?
5b6b8b
Convert -526443 (base 8) to base 5.
-21103040
What is -21a47 (base 16) in base 3?
-21000000200
46868 (base 9) to base 4
13221200
What is -121221202 (base 4) in base 12?
-5096a
61728 (base 11) to base 5
10340204
What is -110100112221 (base 3) in base 15?
-4c0aa
What is -16042031 (base 7) in base 14?
-2c11c1
-545550 (base 6) to base 12
-222b6
-a809a5 (base 14) to base 15
-7752a2
What is -260938 (base 11) in base 14?
-a9b4a
What is -2d885d (base 14) in base 13?
-43c86a
What is 474a7 (base 15) in base 9?
375564
-26836a (base 12) to base 2
-10011011011000000010
-74c64 (base 14) to base 11
-1831